{"id":376,"date":"2023-06-30T16:17:16","date_gmt":"2023-06-30T15:17:16","guid":{"rendered":"https:\/\/easr.pt\/biblio\/?page_id=376"},"modified":"2026-02-09T09:05:13","modified_gmt":"2026-02-09T09:05:13","slug":"documentacao","status":"publish","type":"page","link":"https:\/\/easr.pt\/biblio\/documentacao\/","title":{"rendered":"Documenta\u00e7\u00e3o"},"content":{"rendered":"<div class=\"fusion-fullwidth fullwidth-box fusion-builder-row-1 fusion-flex-container has-pattern-background has-mask-background nonhundred-percent-fullwidth non-hundred-percent-height-scrolling\" style=\"--awb-border-radius-top-left:0px;--awb-border-radius-top-right:0px;--awb-border-radius-bottom-right:0px;--awb-border-radius-bottom-left:0px;--awb-flex-wrap:wrap;\" ><div class=\"fusion-builder-row fusion-row fusion-flex-align-items-flex-start fusion-flex-content-wrap\" style=\"max-width:1248px;margin-left: calc(-4% \/ 2 );margin-right: calc(-4% \/ 2 );\"><div class=\"fusion-layout-column fusion_builder_column fusion-builder-column-0 fusion_builder_column_3_5 3_5 fusion-flex-column\" style=\"--awb-bg-size:cover;--awb-width-large:60%;--awb-margin-top-large:0px;--awb-spacing-right-large:3.2%;--awb-margin-bottom-large:20px;--awb-spacing-left-large:3.2%;--awb-width-medium:60%;--awb-order-medium:0;--awb-spacing-right-medium:3.2%;--awb-spacing-left-medium:3.2%;--awb-width-small:100%;--awb-order-small:0;--awb-spacing-right-small:1.92%;--awb-spacing-left-small:1.92%;\"><div class=\"fusion-column-wrapper fusion-column-has-shadow fusion-flex-justify-content-flex-start fusion-content-layout-column\"><div class=\"fusion-text fusion-text-1\"><p>A biblioteca da EASR oferece um conjunto de servi\u00e7os, desenvolvidos para ir ao encontro das diferentes necessidades dos seus utilizadores.<\/p>\n<\/div><ul style=\"--awb-size:18px;--awb-item-padding-left:20px;--awb-line-height:30.6px;--awb-icon-width:30.6px;--awb-icon-height:30.6px;--awb-icon-margin:12.6px;--awb-content-margin:43.2px;\" class=\"fusion-checklist fusion-checklist-1 fusion-checklist-default fusion-checklist-divider type-icons sublinhado\"><li class=\"fusion-li-item\" style=\"--awb-circlecolor:var(--awb-color1);--awb-iconcolor:var(--awb-color4);\"><span class=\"icon-wrapper circle-no\"><i class=\"fusion-li-icon fa-check-square fas\" aria-hidden=\"true\"><\/i><\/span><div class=\"fusion-li-item-content\">\n<p>Apoio na sele\u00e7\u00e3o e aquisi\u00e7\u00e3o de bibliografia e outras fontes de informa\u00e7\u00e3o.<\/p>\n<\/div><\/li><li class=\"fusion-li-item\" style=\"--awb-circlecolor:var(--awb-color1);--awb-iconcolor:var(--awb-color4);\"><span class=\"icon-wrapper circle-no\"><i class=\"fusion-li-icon fa-external-link-alt fas\" aria-hidden=\"true\"><\/i><\/span><div class=\"fusion-li-item-content\">\n<p>Acesso a recursos informativos, dispon\u00edveis gratuitamente na Internet:\u00a0 <a href=\"https:\/\/easr.pt\/biblio\/jornais-e-revistas\/\" rel=\"noopener\">jornais e revistas<\/a> .<\/p>\n<\/div><\/li><li class=\"fusion-li-item\" style=\"--awb-circlecolor:var(--awb-color1);--awb-iconcolor:var(--awb-color4);\"><span class=\"icon-wrapper circle-no\"><i class=\"fusion-li-icon fa-external-link-alt fas\" aria-hidden=\"true\"><\/i><\/span><div class=\"fusion-li-item-content\">\n<p>Forma\u00e7\u00e3o de utilizadores:\u00a0 <a href=\"https:\/\/easr.pt\/biblio\/guioes\/\">gui\u00f5es<\/a> e <a href=\"https:\/\/www.rbe.mec.pt\/np4\/bed-tutoriais\" target=\"_blank\" rel=\"noopener\">tutoriais<\/a> .<\/p>\n<\/div><\/li><li class=\"fusion-li-item\" style=\"--awb-circlecolor:var(--awb-color1);--awb-iconcolor:var(--awb-color4);\"><span class=\"icon-wrapper circle-no\"><i class=\"fusion-li-icon fa-external-link-alt fas\" aria-hidden=\"true\"><\/i><\/span><div class=\"fusion-li-item-content\">\n<p><a href=\"https:\/\/www.rbe.mec.pt\/np4\/bed-curadoria\" target=\"_blank\" rel=\"noopener\">Curadoria de conte\u00fados<\/a>.<\/p>\n<\/div><\/li><li class=\"fusion-li-item\" style=\"--awb-circlecolor:var(--awb-color1);--awb-iconcolor:var(--awb-color4);\"><span class=\"icon-wrapper circle-no\"><i class=\"fusion-li-icon fa-external-link-alt fas\" aria-hidden=\"true\"><\/i><\/span><div class=\"fusion-li-item-content\">\n<p><a href=\"https:\/\/easr.pt\/biblio\/links-uteis\/\" rel=\"noopener\">Links \u00fateis<\/a>.<\/p>\n<\/div><\/li><\/ul><\/div><\/div><div class=\"fusion-layout-column fusion_builder_column fusion-builder-column-1 fusion_builder_column_2_5 2_5 fusion-flex-column\" style=\"--awb-bg-size:cover;--awb-width-large:40%;--awb-margin-top-large:0px;--awb-spacing-right-large:4.8%;--awb-margin-bottom-large:20px;--awb-spacing-left-large:4.8%;--awb-width-medium:40%;--awb-order-medium:0;--awb-spacing-right-medium:4.8%;--awb-spacing-left-medium:4.8%;--awb-width-small:100%;--awb-order-small:0;--awb-spacing-right-small:1.92%;--awb-spacing-left-small:1.92%;\"><div class=\"fusion-column-wrapper fusion-column-has-shadow fusion-flex-justify-content-flex-start fusion-content-layout-column\"><div class=\"fusion-image-element \" style=\"text-align:center;--awb-caption-title-font-family:var(--h2_typography-font-family);--awb-caption-title-font-weight:var(--h2_typography-font-weight);--awb-caption-title-font-style:var(--h2_typography-font-style);--awb-caption-title-size:var(--h2_typography-font-size);--awb-caption-title-transform:var(--h2_typography-text-transform);--awb-caption-title-line-height:var(--h2_typography-line-height);--awb-caption-title-letter-spacing:var(--h2_typography-letter-spacing);\"><span class=\" fusion-imageframe imageframe-none imageframe-1 hover-type-none\"><img decoding=\"async\" width=\"1124\" height=\"762\" title=\"biblioteca_p\u00e1gina\" src=\"https:\/\/easr.pt\/biblio\/wp-content\/uploads\/2023\/06\/biblioteca_pagina.png\" alt class=\"img-responsive wp-image-332\" srcset=\"https:\/\/easr.pt\/biblio\/wp-content\/uploads\/2023\/06\/biblioteca_pagina-200x136.png 200w, https:\/\/easr.pt\/biblio\/wp-content\/uploads\/2023\/06\/biblioteca_pagina-400x271.png 400w, https:\/\/easr.pt\/biblio\/wp-content\/uploads\/2023\/06\/biblioteca_pagina-600x407.png 600w, https:\/\/easr.pt\/biblio\/wp-content\/uploads\/2023\/06\/biblioteca_pagina-800x542.png 800w, https:\/\/easr.pt\/biblio\/wp-content\/uploads\/2023\/06\/biblioteca_pagina.png 1124w\" sizes=\"(max-width: 640px) 100vw, 600px\" \/><\/span><\/div><\/div><\/div><\/div><\/div>\n","protected":false},"excerpt":{"rendered":"","protected":false},"author":3,"featured_media":0,"parent":0,"menu_order":0,"comment_status":"closed","ping_status":"closed","template":"100-width.php","meta":{"footnotes":""},"class_list":["post-376","page","type-page","status-publish","hentry"],"_links":{"self":[{"href":"https:\/\/easr.pt\/biblio\/wp-json\/wp\/v2\/pages\/376","targetHints":{"allow":["GET"]}}],"collection":[{"href":"https:\/\/easr.pt\/biblio\/wp-json\/wp\/v2\/pages"}],"about":[{"href":"https:\/\/easr.pt\/biblio\/wp-json\/wp\/v2\/types\/page"}],"author":[{"embeddable":true,"href":"https:\/\/easr.pt\/biblio\/wp-json\/wp\/v2\/users\/3"}],"replies":[{"embeddable":true,"href":"https:\/\/easr.pt\/biblio\/wp-json\/wp\/v2\/comments?post=376"}],"version-history":[{"count":17,"href":"https:\/\/easr.pt\/biblio\/wp-json\/wp\/v2\/pages\/376\/revisions"}],"predecessor-version":[{"id":1530,"href":"https:\/\/easr.pt\/biblio\/wp-json\/wp\/v2\/pages\/376\/revisions\/1530"}],"wp:attachment":[{"href":"https:\/\/easr.pt\/biblio\/wp-json\/wp\/v2\/media?parent=376"}],"curies":[{"name":"wp","href":"https:\/\/api.w.org\/{rel}","templated":true}]}}